git of 666983?
6
What is the thousands digit of 942614?
2
What is the ten thousands digit of 562499?
6
What is the hundred thousands digit of 4559632?
5
What is the tens digit of 32289969?
6
What is the hundred thousands digit of 239482?
2
What is the tens digit of 291279?
7
What is the hundred thousands digit of 368528?
3
What is the millions digit of 1225940?
1
What is the ten thousands digit of 1050643?
5
What is the hundred thousands digit of 572708?
5
What is the hundreds digit of 483597?
5
What is the ten thousands digit of 185211?
8
What is the ten thousands digit of 13408341?
0
What is the thousands digit of 4441173?
1
What is the tens digit of 112174?
7
What is the ten thousands digit of 117441?
1
What is the hundred thousands digit of 5482738?
4
What is the units digit of 189846?
6
What is the tens digit of 149849?
4
What is the ten thousands digit of 10994424?
9
What is the hundreds digit of 971989?
9
What is the thousands digit of 79625?
9
What is the ten thousands digit of 6691219?
9
What is the tens digit of 172770?
7
What is the thousands digit of 11664171?
4
What is the hundred thousands digit of 329655?
3
What is the thousands digit of 2827531?
7
What is the thousands digit of 214444?
4
What is the units digit of 2847588?
8
What is the ten thousands digit of 3412309?
1
What is the hundred thousands digit of 10254797?
2
What is the hundreds digit of 111321?
3
What is the tens digit of 223927?
2
What is the units digit of 5414168?
8
What is the units digit of 165111?
1
What is the ten millions digit of 12482884?
1
What is the thousands digit of 926438?
6
What is the tens digit of 1151010?
1
What is the thousands digit of 2018397?
8
What is the units digit of 23053?
3
What is the units digit of 986067?
7
What is the tens digit of 5157622?
2
What is the hundred thousands digit of 102628?
1
What is the hundreds digit of 859204?
2
What is the millions digit of 28683762?
8
What is the ten thousands digit of 1111079?
1
What is the millions digit of 2940840?
2
What is the hundred thousands digit of 1042466?
0
What is the tens digit of 254931?
3
What is the tens digit of 1541639?
3
What is the hundreds digit of 1042869?
8
What is the units digit of 96567?
7
What is the millions digit of 4900498?
4
What is the thousands digit of 13008089?
8
What is the hundreds digit of 29688300?
3
What is the hundred thousands digit of 408238?
4
What is the ten thousands digit of 936639?
3
What is the hundreds digit of 137597?
5
What is the ten thousands digit of 27111929?
1
What is the hundreds digit of 3151303?
3
What is the thousands digit of 827970?
7
What is the hundreds digit of 3463830?
8
What is the millions digit of 17649714?
7
What is the hundred thousands digit of 4356787?
3
What is the hundreds digit of 34807670?
6
What is the thousands digit of 1353702?
3
What is the hundred thousands digit of 1147501?
1
What is the hundreds digit of 7555991?
9
What is the tens digit of 3415535?
3
What is the hundred thousands digit of 3009418?
0
What is the thousands digit of 30796447?
6
What is the units digit of 14783439?
9
What is the thousands digit of 2619528?
9
What is the tens digit of 134537?
3
What is the millions digit of 5885127?
5
What is the millions digit of 1988377?
1
What is the tens digit of 93201?
0
What is the hundreds digit of 501091?
0
What is the units digit of 112938?
8
What is the units digit of 28549?
9
What is the ten thousands digit of 64483?
6
What is the hundreds digit of 216197?
1
What is the units digit of 132923?
3
What is the units digit of 836550?
0
What is the thousands digit of 7651654?
1
What is the hundred thousands digit of 7133496?
1
What is the millions digit of 2315406?
2
What is the hundreds digit of 1036610?
6
What is the thousands digit of 267718?
7
What is the ten millions digit of 16710037?
1
What is the thousands digit of 17895519?
5
What is the millions digit of 1044566?
1
What is the hundreds digit of 24860030?
0
What is the thousands digit of 7349320?
9
What is the units digit of 128953?
3
What is the hundreds digit of 2618809?
8
What is the thousands digit of 2834597?
4
What is the units digit of 756123?
3
What is the tens digit of 435099?
9
What is the hundreds digit of 765826?
8
What is the hundreds digit of 7370887?
8
What is the hundreds digit of 110531?
5
What is the tens digit of 165030?
3
What is the units digit of 399156?
6
What is the hundreds digit of 6893065?
0
What is the millions digit of 14855487?
4
What is the thousands digit of 2965314?
5
What is the hundreds digit of 228743?
7
What is the tens digit of 952819?
1
What is the thousands digit of 326489?
6
What is the tens digit of 38689502?
0
What is the units digit of 909228?
8
What is the hundreds digit of 181908?
9
What is the thousands digit of 6310415?
0
What is the hundreds digit of 13795006?
0
What is the ten thousands digit of 3255937?
5
What is the hundreds digit of 186303?
3
What is the units digit of 112649?
9
What is the tens digit of 109320?
2
What is the units digit of 1718535?
5
What is the hundreds digit of 284866?
8
What is the hundred thousands digit of 1453782?
4
What is the thousands digit of 505070?
5
What is the tens digit of 25050185?
8
What is the ten thousands digit of 4026100?
2
What is the ten thousands digit of 22344707?
4
What is the thousands digit of 397232?
7
What is the ten thousands digit of 265191?
6
What is the millions digit of 5572438?
5
What is the hundreds digit of 2967837?
8
What is the hundred thousands digit of 1336539?
3
What is the hundred thousands digit of 803623?
8
What is the units digit of 642836?
6
What is the units digit of 64502?
2
What is the thousands digit of 21449770?
9
What is the tens digit of 750499?
9
What is the units digit of 5135329?
9
What is the hundreds digit of 1008048?
0
What is the tens digit of 394629?
2
What is the ten thousands digit of 3862002?
6
What is the units digit of 886789?
9
What is the hundred thousands digit of 219382?
2
What is the units digit of 795939?
9
What is the millions digit of 17170347?
7
What is the tens digit of 5204247?
4
What is the millions digit of 13885835?
3
What is the thousands digit of 1121849?
1
What is the tens digit of 22874106?
0
What is the hundred thousands digit of 1221667?
2
What is the hundred thousands digit of 152700?
1
What is the thousands digit of 878417?
8
What is the ten thousands digit of 1109901?
0
What is the ten thousands digit of 4438894?
3
What is the ten thousands digit of 860632?
6
What is the thousands digit of 15119533?
9
What is the ten thousands digit of 1676615?
7
What is the hundred thousands digit of 525738?
5
What is the tens digit of 750121?
2
What is the millions digit of 3390605?
3
What is the millions digit of 17254271?
7
What is the hundreds digit of 6315665?
6
What is the ten thousands digit of 1033471?
3
What is the ten millions digit of 17715309?
1
What is the ten thousands digit of 1431248?
3
What is the units digit of 971032?
2
What is the hundreds digit of 2440443?
4
What is the thousands digit of 25581113?
1
What is the units digit of 17437311?
1
What is the ten millions digit of 35845079?
3
What is the tens digit of 18330375?
7
What is the tens digit of 3484582?
8
What is the hundred thousands digit of 378048?
3
What is the hundreds digit of 20947451?
4
What is the hundred thousands digit of 174363?
1
What is the units digit of 22294372?
2
What is the hundreds digit of 251993?
9
What is the hundreds digit of 240504?
5
What is the units digit of 353059?
9
What is the units digit of 11115225?
5
What is the hundreds digit of 50883?
8
What is the tens digit of 1681229?
2
What is the ten thousands digit of 7727821?
2
What is the thousands digit of 125053?
5
What is the ten thousands digit of 7517175?
1
What is the thousands digit of 2149591?
9
What is the ten thousands digit of 339840?
3
What is the thousands digit of 85019?
5
What is the units digit of 4273775?
5
What is the millions digit of 1856954?
1
What is the hundred thousands digit of 156861?
1
What is the hundreds digit of 8077508?
5
What is the hundred thousands digit of 2317899?
3
What is the millions digit of 11190122?
1
What is the ten thousands digit of 5671758?
7
What is the hundred thousands digit of 7919947?
9
What is the hundr